e units digit of 1714325354?
4
What is the millions digit of 946851197?
6
What is the tens digit of 29994718?
1
What is the millions digit of 4825538985?
5
What is the hundred thousands digit of 2561376058?
3
What is the hundred millions digit of 1300519086?
3
What is the ten millions digit of 517526165?
1
What is the units digit of 353418139?
9
What is the ten thousands digit of 4941153272?
5
What is the ten thousands digit of 12036698?
3
What is the millions digit of 68388211?
8
What is the ten thousands digit of 167026365?
2
What is the tens digit of 266814289?
8
What is the millions digit of 6155161?
6
What is the hundred thousands digit of 185172151?
1
What is the tens digit of 31852178?
7
What is the ten thousands digit of 314932054?
3
What is the thousands digit of 588044136?
4
What is the hundred thousands digit of 535258873?
2
What is the millions digit of 49811679?
9
What is the ten thousands digit of 133376511?
7
What is the tens digit of 449269269?
6
What is the hundreds digit of 707151080?
0
What is the hundred thousands digit of 1255483482?
4
What is the ten thousands digit of 199228428?
2
What is the ten thousands digit of 2112736943?
3
What is the thousands digit of 879818278?
8
What is the thousands digit of 81467939?
7
What is the tens digit of 892918361?
6
What is the hundred thousands digit of 49185085?
1
What is the units digit of 1963?
3
What is the hundreds digit of 5177488629?
6
What is the ten millions digit of 602900372?
0
What is the tens digit of 180689078?
7
What is the units digit of 323801543?
3
What is the tens digit of 75182967?
6
What is the tens digit of 1282369896?
9
What is the millions digit of 29359384?
9
What is the ten thousands digit of 947670108?
7
What is the ten millions digit of 40720412?
4
What is the ten millions digit of 460786141?
6
What is the thousands digit of 60680368?
0
What is the thousands digit of 5122920?
2
What is the ten thousands digit of 632285?
3
What is the tens digit of 136075504?
0
What is the hundreds digit of 288046392?
3
What is the tens digit of 1275601156?
5
What is the millions digit of 4560908324?
0
What is the hundreds digit of 85066424?
4
What is the thousands digit of 938398032?
8
What is the hundred thousands digit of 7808031?
8
What is the hundreds digit of 1044522431?
4
What is the ten thousands digit of 4156053916?
5
What is the thousands digit of 581579798?
9
What is the hundred thousands digit of 1640960511?
9
What is the ten millions digit of 942841429?
4
What is the hundreds digit of 32030458?
4
What is the units digit of 8379306?
6
What is the hundreds digit of 2078609730?
7
What is the hundred thousands digit of 3144456730?
4
What is the units digit of 259674445?
5
What is the hundred millions digit of 248423299?
2
What is the billions digit of 3949638564?
3
What is the hundreds digit of 44145805?
8
What is the ten millions digit of 1588216957?
8
What is the hundred millions digit of 1717373436?
7
What is the tens digit of 4246624508?
0
What is the thousands digit of 982990291?
0
What is the hundred thousands digit of 183533319?
5
What is the units digit of 619003464?
4
What is the hundred millions digit of 1325178281?
3
What is the millions digit of 298009879?
8
What is the hundred thousands digit of 54025801?
0
What is the hundred thousands digit of 8164993?
1
What is the units digit of 598742915?
5
What is the units digit of 67433699?
9
What is the hundreds digit of 78661306?
3
What is the ten millions digit of 41718653?
4
What is the units digit of 1653958953?
3
What is the hundreds digit of 33857763?
7
What is the units digit of 88215415?
5
What is the hundreds digit of 96468148?
1
What is the ten thousands digit of 267902952?
0
What is the ten thousands digit of 378096493?
9
What is the hundreds digit of 267498446?
4
What is the tens digit of 68986650?
5
What is the hundred thousands digit of 41609537?
6
What is the units digit of 7899297082?
2
What is the ten thousands digit of 54271143?
7
What is the units digit of 139074041?
1
What is the ten thousands digit of 410064330?
6
What is the hundreds digit of 432052951?
9
What is the ten thousands digit of 19266153?
6
What is the thousands digit of 317538216?
8
What is the units digit of 85956360?
0
What is the ten thousands digit of 110315486?
1
What is the ten millions digit of 1382932616?
8
What is the hundred thousands digit of 24154584?
1
What is the hundred thousands digit of 13198235?
1
What is the hundreds digit of 192444458?
4
What is the hundreds digit of 36817835?
8
What is the ten millions digit of 2234970839?
3
What is the millions digit of 455524751?
5
What is the ten millions digit of 2717803665?
1
What is the hundred millions digit of 816871241?
8
What is the thousands digit of 819410679?
0
What is the ten thousands digit of 27750775?
5
What is the units digit of 363474970?
0
What is the hundreds digit of 94184339?
3
What is the units digit of 46587988?
8
What is the hundred thousands digit of 53883830?
8
What is the ten thousands digit of 220952963?
5
What is the tens digit of 174660039?
3
What is the hundreds digit of 50025806?
8
What is the ten millions digit of 72041617?
7
What is the thousands digit of 3165676181?
6
What is the hundred millions digit of 456894229?
4
What is the ten thousands digit of 964840120?
4
What is the millions digit of 4366273851?
6
What is the millions digit of 51906319?
1
What is the hundred thousands digit of 126275557?
2
What is the tens digit of 33852389?
8
What is the tens digit of 846817472?
7
What is the thousands digit of 182825825?
5
What is the tens digit of 71041559?
5
What is the millions digit of 2593775977?
3
What is the units digit of 555109443?
3
What is the hundred thousands digit of 622949322?
9
What is the hundreds digit of 8560195763?
7
What is the billions digit of 1797514982?
1
What is the billions digit of 1577566733?
1
What is the hundred thousands digit of 4834391147?
3
What is the ten thousands digit of 239494272?
9
What is the thousands digit of 3661562184?
2
What is the hundreds digit of 44382886?
8
What is the ten millions digit of 60924534?
6
What is the ten thousands digit of 6876677?
7
What is the thousands digit of 389359747?
9
What is the ten millions digit of 800067576?
0
What is the hundreds digit of 3962898283?
2
What is the ten thousands digit of 95740520?
4
What is the thousands digit of 755215464?
5
What is the tens digit of 237842818?
1
What is the units digit of 8517841?
1
What is the hundreds digit of 54187490?
4
What is the tens digit of 39891949?
4
What is the units digit of 752683888?
8
What is the tens digit of 1628982703?
0
What is the tens digit of 748990076?
7
What is the billions digit of 2121800058?
2
What is the hundreds digit of 30341935?
9
What is the units digit of 833133244?
4
What is the ten thousands digit of 837048172?
4
What is the ten millions digit of 240595679?
4
What is the tens digit of 67907648?
4
What is the units digit of 3227825804?
4
What is the hundred thousands digit of 2823757979?
7
What is the hundred thousands digit of 2905002655?
0
What is the thousands digit of 6453587163?
7
What is the thousands digit of 140994486?
4
What is the thousands digit of 203398177?
8
What is the hundred thousands digit of 134170309?
1
What is the ten millions digit of 25302512?
2
What is the ten millions digit of 37334591?
3
What is the thousands digit of 6931035946?
5
What is the tens digit of 276761901?
0
What is the ten thousands digit of 55981834?
8
What is the hundred thousands digit of 328492170?
4
What is the tens digit of 60423212?
1
What is the millions digit of 258080065?
8
What is the units digit of 862656259?
9
What is the tens digit of 61950598?
9
What is the tens digit of 481759382?
8
What is the units digit of 606096048?
8
What is the millions digit of 15453267?
5
What is the ten thousands digit of 1944387222?
8
What is the thousands digit of 285016783?
6
What is the hundreds digit of 13884949?
9
What is the hundreds digit of 767107843?
8
What is the hundreds digit of 270660777?
7
What is the ten millions digit of 677016775?
7
What is the hundred thousands digit of 411313466?
3
What is the tens digit of 1218847497?
9
What is the ten millions digit of 47076113?
4
What is the tens digit o